{"id":1145,"date":"2024-11-14T15:32:54","date_gmt":"2024-11-14T15:32:54","guid":{"rendered":"https:\/\/zazatour.com\/?page_id=1145"},"modified":"2024-12-06T09:11:00","modified_gmt":"2024-12-06T09:11:00","slug":"gunluk7","status":"publish","type":"page","link":"https:\/\/zazatour.com\/?page_id=1145","title":{"rendered":"dalyan"},"content":{"rendered":"\t\t<div data-elementor-type=\"wp-page\" data-elementor-id=\"1145\" class=\"elementor elementor-1145\">\n\t\t\t\t<div class=\"elementor-element elementor-element-6131e52 e-flex e-con-boxed e-con e-parent\" data-id=\"6131e52\" data-element_type=\"container\">\n\t\t\t\t\t<div class=\"e-con-inner\">\n\t\t\t\t<div class=\"elementor-element elementor-element-d7387d4 elementor-widget elementor-widget-heading\" data-id=\"d7387d4\" data-element_type=\"widget\" data-widget_type=\"heading.default\">\n\t\t\t\t<div class=\"elementor-widget-container\">\n\t\t\t<h2 class=\"elementor-heading-title elementor-size-default\">DALYAN<\/h2>\t\t<\/div>\n\t\t\t\t<\/div>\n\t\t\t\t\t<\/div>\n\t\t\t\t<\/div>\n\t\t<div class=\"elementor-element elementor-element-24014f2 e-flex e-con-boxed e-con e-parent\" data-id=\"24014f2\" data-element_type=\"container\">\n\t\t\t\t\t<div class=\"e-con-inner\">\n\t\t<div class=\"elementor-element elementor-element-3ed3559 e-con-full e-flex e-con e-child\" data-id=\"3ed3559\" data-element_type=\"container\">\n\t\t\t\t<div class=\"elementor-element elementor-element-e03206a elementor-widget elementor-widget-heading\" data-id=\"e03206a\" data-element_type=\"widget\" data-widget_type=\"heading.default\">\n\t\t\t\t<div class=\"elementor-widget-container\">\n\t\t\t<h2 class=\"elementor-heading-title elementor-size-default\">Dalyan Turu Hakk\u0131nda Genel Bilgi<\/h2>\t\t<\/div>\n\t\t\t\t<\/div>\n\t\t\t\t<div class=\"elementor-element elementor-element-ebc0e10 elementor-widget elementor-widget-text-editor\" data-id=\"ebc0e10\" data-element_type=\"widget\" data-widget_type=\"text-editor.default\">\n\t\t\t\t<div class=\"elementor-widget-container\">\n\t\t\t\t\t\t\t<p>Dalyan Turu, sizi b\u00fcy\u00fcleyici do\u011fal g\u00fczellikler ve tarihi alanlarla bulu\u015fturacak. K\u00f6yce\u011fiz, kapl\u0131calar, \u00e7amur banyolar\u0131 ve \u0130ztuzu Plaj\u0131 gibi e\u015fsiz duraklarla dolu unutulmaz bir deneyim sunuyor.<\/p>\t\t\t\t\t\t<\/div>\n\t\t\t\t<\/div>\n\t\t\t\t<div class=\"elementor-element elementor-element-e1253fd elementor-widget elementor-widget-heading\" data-id=\"e1253fd\" data-element_type=\"widget\" data-widget_type=\"heading.default\">\n\t\t\t\t<div class=\"elementor-widget-container\">\n\t\t\t<h2 class=\"elementor-heading-title elementor-size-default\">Tur Program\u0131 Nedir?<\/h2>\t\t<\/div>\n\t\t\t\t<\/div>\n\t\t\t\t<div class=\"elementor-element elementor-element-af540d4 elementor-widget elementor-widget-text-editor\" data-id=\"af540d4\" data-element_type=\"widget\" data-widget_type=\"text-editor.default\">\n\t\t\t\t<div class=\"elementor-widget-container\">\n\t\t\t\t\t\t\t<p>07:00&#8217;da misafirler belirtilen saatlerde toplanarak Dalyan\u2019a do\u011fru yola \u00e7\u0131k\u0131l\u0131r. \u0130lk olarak, do\u011fal koruma alan\u0131 i\u00e7indeki K\u00f6yce\u011fiz kasabas\u0131na var\u0131l\u0131r. Burada narenciye bah\u00e7eleri ve Dalyan Nehri \u00fczerindeki etkileyici manzaralar g\u00f6r\u00fcl\u00fcr. Ard\u0131ndan, Akdeniz k\u0131y\u0131s\u0131ndaki \u0130ztuzu Plaj\u0131\u2019na gidilir; buras\u0131, caretta caretta kaplumba\u011falar\u0131n\u0131n yuvalama alan\u0131 olup, 1995 y\u0131l\u0131nda d\u00fcnyan\u0131n en g\u00fczel plaj\u0131 se\u00e7ilmi\u015ftir. Son olarak, Sultaniye Kapl\u0131calar\u0131 ve \u00c7amur Banyolar\u0131\u2019na u\u011fran\u0131r; burada minerallerle zengin s\u0131cak su havuzlar\u0131nda dinlenebilir ve \u00e7amur banyosu yaparak cildinizi tazeleyebilirsiniz. G\u00fcn\u00fcn sonunda, belirtilen saatte Didim\u2019e geri d\u00f6n\u00fc\u015f i\u00e7in hareket edilir.<\/p>\t\t\t\t\t\t<\/div>\n\t\t\t\t<\/div>\n\t\t\t\t<div class=\"elementor-element elementor-element-584abc2 elementor-widget elementor-widget-heading\" data-id=\"584abc2\" data-element_type=\"widget\" data-widget_type=\"heading.default\">\n\t\t\t\t<div class=\"elementor-widget-container\">\n\t\t\t<h2 class=\"elementor-heading-title elementor-size-default\">Fiyata Neler Dahil?<\/h2>\t\t<\/div>\n\t\t\t\t<\/div>\n\t\t\t\t<div class=\"elementor-element elementor-element-84e59be elementor-widget elementor-widget-text-editor\" data-id=\"84e59be\" data-element_type=\"widget\" data-widget_type=\"text-editor.default\">\n\t\t\t\t<div class=\"elementor-widget-container\">\n\t\t\t\t\t\t\t<p>Tur \u00fccretine transfer, profesyonel rehberlik, \u00e7amur banyosu ve \u00f6\u011fle yeme\u011fi dahildir.<\/p>\t\t\t\t\t\t<\/div>\n\t\t\t\t<\/div>\n\t\t\t\t<div class=\"elementor-element elementor-element-1cc7023 elementor-widget elementor-widget-heading\" data-id=\"1cc7023\" data-element_type=\"widget\" data-widget_type=\"heading.default\">\n\t\t\t\t<div class=\"elementor-widget-container\">\n\t\t\t<h2 class=\"elementor-heading-title elementor-size-default\">Tura Haz\u0131rl\u0131k \u0130\u00e7in Neler Yapmal\u0131y\u0131m?<\/h2>\t\t<\/div>\n\t\t\t\t<\/div>\n\t\t\t\t<div class=\"elementor-element elementor-element-4ad32fa elementor-widget elementor-widget-text-editor\" data-id=\"4ad32fa\" data-element_type=\"widget\" data-widget_type=\"text-editor.default\">\n\t\t\t\t<div class=\"elementor-widget-container\">\n\t\t\t\t\t\t\t<p>Rahat k\u0131yafetler ve y\u00fcr\u00fcy\u00fc\u015fe uygun ayakkab\u0131lar tercih edin. G\u00fcne\u015ften korunmak i\u00e7in \u015fapka ve g\u00fcne\u015f kremi bulundurman\u0131z \u00f6nerilir. \u0130\u00e7me suyu, i\u00e7ecekler ve hediyelik e\u015fya al\u0131\u015fveri\u015fi i\u00e7in yan\u0131n\u0131zda nakit bulundurmay\u0131 unutmay\u0131n. Kapl\u0131calar ve \u00e7amur banyolar\u0131 i\u00e7in mayo ve havlu getirebilirsiniz.<br \/><br \/><\/p>\t\t\t\t\t\t<\/div>\n\t\t\t\t<\/div>\n\t\t\t\t<\/div>\n\t\t<div class=\"elementor-element elementor-element-89fc192 e-con-full e-flex e-con e-child\" data-id=\"89fc192\" data-element_type=\"container\">\n\t\t\t\t<div class=\"elementor-element elementor-element-5c027f5 elementor-widget elementor-widget-image\" data-id=\"5c027f5\" data-element_type=\"widget\" data-widget_type=\"image.default\">\n\t\t\t\t<div class=\"elementor-widget-container\">\n\t\t\t\t\t\t\t\t\t\t\t\t\t<img fetchpriority=\"high\" decoding=\"async\" width=\"1024\" height=\"682\" src=\"https:\/\/zazatour.com\/wp-content\/uploads\/2024\/11\/koycegiz-yuvarlakcay-1024x682.jpg\" class=\"attachment-large size-large wp-image-1450\" alt=\"\" \/>\t\t\t\t\t\t\t\t\t\t\t\t\t<\/div>\n\t\t\t\t<\/div>\n\t\t\t\t<div class=\"elementor-element elementor-element-a68c326 elementor-widget elementor-widget-image\" data-id=\"a68c326\" data-element_type=\"widget\" data-widget_type=\"image.default\">\n\t\t\t\t<div class=\"elementor-widget-container\">\n\t\t\t\t\t\t\t\t\t\t\t\t\t<img decoding=\"async\" width=\"1024\" height=\"576\" src=\"https:\/\/zazatour.com\/wp-content\/uploads\/2024\/11\/caretta-1024x576.jpg\" class=\"attachment-large size-large wp-image-1452\" alt=\"\" \/>\t\t\t\t\t\t\t\t\t\t\t\t\t<\/div>\n\t\t\t\t<\/div>\n\t\t\t\t<div class=\"elementor-element elementor-element-8eb4014 elementor-widget elementor-widget-image\" data-id=\"8eb4014\" data-element_type=\"widget\" data-widget_type=\"image.default\">\n\t\t\t\t<div class=\"elementor-widget-container\">\n\t\t\t\t\t\t\t\t\t\t\t\t\t<img decoding=\"async\" width=\"612\" height=\"408\" src=\"https:\/\/zazatour.com\/wp-content\/uploads\/2024\/11\/Iztuzu-Beach-Mugla.webp\" class=\"attachment-large size-large wp-image-1451\" alt=\"\" \/>\t\t\t\t\t\t\t\t\t\t\t\t\t<\/div>\n\t\t\t\t<\/div>\n\t\t\t\t<\/div>\n\t\t\t\t\t<\/div>\n\t\t\t\t<\/div>\n\t\t<div class=\"elementor-element elementor-element-8963227 e-flex e-con-boxed e-con e-parent\" data-id=\"8963227\" data-element_type=\"container\">\n\t\t\t\t\t<div class=\"e-con-inner\">\n\t\t\t\t<div class=\"elementor-element elementor-element-e41ad6e elementor-widget elementor-widget-image\" data-id=\"e41ad6e\" data-element_type=\"widget\" data-widget_type=\"image.default\">\n\t\t\t\t<div class=\"elementor-widget-container\">\n\t\t\t\t\t\t\t\t\t\t\t\t\t<img loading=\"lazy\" decoding=\"async\" width=\"284\" height=\"96\" src=\"https:\/\/zazatour.com\/wp-content\/uploads\/2024\/12\/fiyat-etiketleri-4.png\" class=\"attachment-large size-large wp-image-2283\" alt=\"\" \/>\t\t\t\t\t\t\t\t\t\t\t\t\t<\/div>\n\t\t\t\t<\/div>\n\t\t\t\t\t<\/div>\n\t\t\t\t<\/div>\n\t\t\t\t<\/div>\n\t\t","protected":false},"excerpt":{"rendered":"<p>DALYAN Dalyan Turu Hakk\u0131nda Genel Bilgi Dalyan Turu, sizi b\u00fcy\u00fcleyici do\u011fal g\u00fczellikler ve tarihi alanlarla bulu\u015fturacak. K\u00f6yce\u011fiz, kapl\u0131calar, \u00e7amur banyolar\u0131 ve \u0130ztuzu Plaj\u0131 gibi e\u015fsiz duraklarla dolu unutulmaz bir deneyim sunuyor. Tur Program\u0131 Nedir? 07:00&#8217;da misafirler belirtilen saatlerde toplanarak Dalyan\u2019a do\u011fru yola \u00e7\u0131k\u0131l\u0131r. \u0130lk olarak, do\u011fal koruma alan\u0131 i\u00e7indeki K\u00f6yce\u011fiz kasabas\u0131na var\u0131l\u0131r. Burada narenciye bah\u00e7eleri [&hellip;]<\/p>\n","protected":false},"author":1,"featured_media":0,"parent":0,"menu_order":0,"comment_status":"closed","ping_status":"closed","template":"","meta":{"_uag_custom_page_level_css":"","site-sidebar-layout":"no-sidebar","site-content-layout":"page-builder","ast-site-content-layout":"full-width-container","site-content-style":"default","site-sidebar-style":"default","ast-global-header-display":"","ast-banner-title-visibility":"","ast-main-header-display":"","ast-hfb-above-header-display":"","ast-hfb-below-header-display":"","ast-hfb-mobile-header-display":"","site-post-title":"disabled","ast-breadcrumbs-content":"","ast-featured-img":"disabled","footer-sml-layout":"","theme-transparent-header-meta":"","adv-header-id-meta":"","stick-header-meta":"","header-above-stick-meta":"","header-main-stick-meta":"","header-below-stick-meta":"","astra-migrate-meta-layouts":"set","ast-page-background-enabled":"default","ast-page-background-meta":{"desktop":{"background-color":"var(--ast-global-color-4)","background-image":"","background-repeat":"repeat","background-position":"center center","background-size":"auto","background-attachment":"scroll","background-type":"","background-media":"","overlay-type":"","overlay-color":"","overlay-opacity":"","overlay-gradient":""},"tablet":{"background-color":"","background-image":"","background-repeat":"repeat","background-position":"center center","background-size":"auto","background-attachment":"scroll","background-type":"","background-media":"","overlay-type":"","overlay-color":"","overlay-opacity":"","overlay-gradient":""},"mobile":{"background-color":"","background-image":"","background-repeat":"repeat","background-position":"center center","background-size":"auto","background-attachment":"scroll","background-type":"","background-media":"","overlay-type":"","overlay-color":"","overlay-opacity":"","overlay-gradient":""}},"ast-content-background-meta":{"desktop":{"background-color":"var(--ast-global-color-5)","background-image":"","background-repeat":"repeat","background-position":"center center","background-size":"auto","background-attachment":"scroll","background-type":"","background-media":"","overlay-type":"","overlay-color":"","overlay-opacity":"","overlay-gradient":""},"tablet":{"background-color":"var(--ast-global-color-5)","background-image":"","background-repeat":"repeat","background-position":"center center","background-size":"auto","background-attachment":"scroll","background-type":"","background-media":"","overlay-type":"","overlay-color":"","overlay-opacity":"","overlay-gradient":""},"mobile":{"background-color":"var(--ast-global-color-5)","background-image":"","background-repeat":"repeat","background-position":"center center","background-size":"auto","background-attachment":"scroll","background-type":"","background-media":"","overlay-type":"","overlay-color":"","overlay-opacity":"","overlay-gradient":""}},"footnotes":""},"class_list":["post-1145","page","type-page","status-publish","hentry"],"aioseo_notices":[],"uagb_featured_image_src":{"full":false,"thumbnail":false,"medium":false,"medium_large":false,"large":false,"1536x1536":false,"2048x2048":false},"uagb_author_info":{"display_name":"alicemozkaya@gmail.com","author_link":"https:\/\/zazatour.com\/?author=1"},"uagb_comment_info":0,"uagb_excerpt":"DALYAN Dalyan Turu Hakk\u0131nda Genel Bilgi Dalyan Turu, sizi b\u00fcy\u00fcleyici do\u011fal g\u00fczellikler ve tarihi alanlarla bulu\u015fturacak. K\u00f6yce\u011fiz, kapl\u0131calar, \u00e7amur banyolar\u0131 ve \u0130ztuzu Plaj\u0131 gibi e\u015fsiz duraklarla dolu unutulmaz bir deneyim sunuyor. Tur Program\u0131 Nedir? 07:00&#8217;da misafirler belirtilen saatlerde toplanarak Dalyan\u2019a do\u011fru yola \u00e7\u0131k\u0131l\u0131r. \u0130lk olarak, do\u011fal koruma alan\u0131 i\u00e7indeki K\u00f6yce\u011fiz kasabas\u0131na var\u0131l\u0131r. Burada narenciye bah\u00e7eleri&hellip;","rttpg_featured_image_url":null,"rttpg_author":{"display_name":"alicemozkaya@gmail.com","author_link":"https:\/\/zazatour.com\/?author=1"},"rttpg_comment":0,"rttpg_category":" <a href=\"https:\/\/zazatour.com\/\" rel=\"tag\">T\u00fcrk\u00e7e<\/a>","rttpg_excerpt":"DALYAN Dalyan Turu Hakk\u0131nda Genel Bilgi Dalyan Turu, sizi b\u00fcy\u00fcleyici do\u011fal g\u00fczellikler ve tarihi alanlarla bulu\u015fturacak. K\u00f6yce\u011fiz, kapl\u0131calar, \u00e7amur banyolar\u0131 ve \u0130ztuzu Plaj\u0131 gibi e\u015fsiz duraklarla dolu unutulmaz bir deneyim sunuyor. Tur Program\u0131 Nedir? 07:00&#8217;da misafirler belirtilen saatlerde toplanarak Dalyan\u2019a do\u011fru yola \u00e7\u0131k\u0131l\u0131r. \u0130lk olarak, do\u011fal koruma alan\u0131 i\u00e7indeki K\u00f6yce\u011fiz kasabas\u0131na var\u0131l\u0131r. Burada narenciye bah\u00e7eleri&hellip;","_links":{"self":[{"href":"https:\/\/zazatour.com\/index.php?rest_route=\/wp\/v2\/pages\/1145"}],"collection":[{"href":"https:\/\/zazatour.com\/index.php?rest_route=\/wp\/v2\/pages"}],"about":[{"href":"https:\/\/zazatour.com\/index.php?rest_route=\/wp\/v2\/types\/page"}],"author":[{"embeddable":true,"href":"https:\/\/zazatour.com\/index.php?rest_route=\/wp\/v2\/users\/1"}],"replies":[{"embeddable":true,"href":"https:\/\/zazatour.com\/index.php?rest_route=%2Fwp%2Fv2%2Fcomments&post=1145"}],"version-history":[{"count":8,"href":"https:\/\/zazatour.com\/index.php?rest_route=\/wp\/v2\/pages\/1145\/revisions"}],"predecessor-version":[{"id":2286,"href":"https:\/\/zazatour.com\/index.php?rest_route=\/wp\/v2\/pages\/1145\/revisions\/2286"}],"wp:attachment":[{"href":"https:\/\/zazatour.com\/index.php?rest_route=%2Fwp%2Fv2%2Fmedia&parent=1145"}],"curies":[{"name":"wp","href":"https:\/\/api.w.org\/{rel}","templated":true}]}}