{"id":1147,"date":"2024-11-14T15:33:04","date_gmt":"2024-11-14T15:33:04","guid":{"rendered":"https:\/\/zazatour.com\/?page_id=1147"},"modified":"2025-04-13T17:29:54","modified_gmt":"2025-04-13T17:29:54","slug":"gunluk9","status":"publish","type":"page","link":"https:\/\/zazatour.com\/?page_id=1147","title":{"rendered":"\u2060Kos Adas\u0131 (Yunanistan)"},"content":{"rendered":"\t\t<div data-elementor-type=\"wp-page\" data-elementor-id=\"1147\" class=\"elementor elementor-1147\">\n\t\t\t\t<div class=\"elementor-element elementor-element-f9e5d1e e-flex e-con-boxed e-con e-parent\" data-id=\"f9e5d1e\" data-element_type=\"container\">\n\t\t\t\t\t<div class=\"e-con-inner\">\n\t\t\t\t<div class=\"elementor-element elementor-element-e09adfd elementor-widget elementor-widget-heading\" data-id=\"e09adfd\" data-element_type=\"widget\" data-widget_type=\"heading.default\">\n\t\t\t\t<div class=\"elementor-widget-container\">\n\t\t\t<h2 class=\"elementor-heading-title elementor-size-default\">KOS ADASI (YUNAN\u0130STAN)<\/h2>\t\t<\/div>\n\t\t\t\t<\/div>\n\t\t\t\t\t<\/div>\n\t\t\t\t<\/div>\n\t\t<div class=\"elementor-element elementor-element-aad5250 e-flex e-con-boxed e-con e-parent\" data-id=\"aad5250\" data-element_type=\"container\">\n\t\t\t\t\t<div class=\"e-con-inner\">\n\t\t<div class=\"elementor-element elementor-element-77c2b34 e-con-full e-flex e-con e-child\" data-id=\"77c2b34\" data-element_type=\"container\">\n\t\t\t\t<div class=\"elementor-element elementor-element-8c5bf81 elementor-widget elementor-widget-heading\" data-id=\"8c5bf81\" data-element_type=\"widget\" data-widget_type=\"heading.default\">\n\t\t\t\t<div class=\"elementor-widget-container\">\n\t\t\t<h2 class=\"elementor-heading-title elementor-size-default\">Kos Turu Hakk\u0131nda Genel Bilgiler<\/h2>\t\t<\/div>\n\t\t\t\t<\/div>\n\t\t\t\t<div class=\"elementor-element elementor-element-ad0b3da elementor-widget elementor-widget-text-editor\" data-id=\"ad0b3da\" data-element_type=\"widget\" data-widget_type=\"text-editor.default\">\n\t\t\t\t<div class=\"elementor-widget-container\">\n\t\t\t\t\t\t\t<p>Kos Adas\u0131, Bodrum\u2019dan yakla\u015f\u0131k 40 dakikal\u0131k keyifli bir feribot yolculu\u011fuyla ula\u015f\u0131labilen, tarihi zenginlikleri, g\u00fczel plajlar\u0131 ve canl\u0131 atmosferiyle \u00fcnl\u00fc bir Yunan adas\u0131d\u0131r. Bu tur, tam bir g\u00fcn boyunca aday\u0131 ke\u015ffetme f\u0131rsat\u0131 sunar ve ak\u015fam Bodrum\u2019a geri d\u00f6nersiniz. Vize i\u015flemleri ve gerekli belgeler hakk\u0131nda bilgi almak i\u00e7in ileti\u015fime ge\u00e7ebilirsiniz.<\/p>\t\t\t\t\t\t<\/div>\n\t\t\t\t<\/div>\n\t\t\t\t<div class=\"elementor-element elementor-element-2dee8c1 elementor-widget elementor-widget-heading\" data-id=\"2dee8c1\" data-element_type=\"widget\" data-widget_type=\"heading.default\">\n\t\t\t\t<div class=\"elementor-widget-container\">\n\t\t\t<h2 class=\"elementor-heading-title elementor-size-default\">Tur Program\u0131 Nedir?<\/h2>\t\t<\/div>\n\t\t\t\t<\/div>\n\t\t\t\t<div class=\"elementor-element elementor-element-8cda2e1 elementor-widget elementor-widget-text-editor\" data-id=\"8cda2e1\" data-element_type=\"widget\" data-widget_type=\"text-editor.default\">\n\t\t\t\t<div class=\"elementor-widget-container\">\n\t\t\t\t\t\t\t<p><strong>Toplanma ve Hareket (07:00):<\/strong> T\u00fcm misafirler konaklama yerlerinden al\u0131nd\u0131ktan sonra Bodrum Liman\u0131\u2019na k\u0131sa bir yolculuk yap\u0131l\u0131r. \u0130lk al\u0131nan misafirlerden biriyseniz, transfer s\u00fcrenizin daha uzun s\u00fcrebilece\u011fini unutmay\u0131n. Feribot yakla\u015f\u0131k 09:30\u2019da hareket eder ve Kos Adas\u0131\u2019na ge\u00e7i\u015f yakla\u015f\u0131k 40 dakika s\u00fcrer. G\u00fcmr\u00fck i\u015flemleri birka\u00e7 saat s\u00fcrebilir, bu nedenle sab\u0131rl\u0131 olman\u0131z \u00f6nerilir.<\/p><p><strong>Serbest Zaman:<\/strong> Kos\u2019a vard\u0131\u011f\u0131n\u0131zda, g\u00fcn boyunca serbest zaman\u0131n\u0131z olacak. Tarihi yerleri ke\u015ffedebilir, Yunan mutfa\u011f\u0131n\u0131n tad\u0131n\u0131 \u00e7\u0131karabilir veya bu \u015firin kasabada dinlenebilirsiniz. D\u00f6n\u00fc\u015f zaman\u0131 gelene kadar adan\u0131n tad\u0131n\u0131 \u00e7\u0131kar\u0131n.<\/p><p><strong>D\u00f6n\u00fc\u015f (20:45):<\/strong> Kos\u2019tan d\u00f6n\u00fc\u015f feribotu yakla\u015f\u0131k 17:30\u2019da hareket eder ve Bodrum\u2019a d\u00f6n\u00fc\u015f\u00fcn\u00fcz\u00fcn ard\u0131ndan Didim\u2019e transfer edilirsiniz. Feribot saatlerine zaman\u0131nda uyum sa\u011flaman\u0131z \u00f6nemlidir.<\/p>\t\t\t\t\t\t<\/div>\n\t\t\t\t<\/div>\n\t\t\t\t<div class=\"elementor-element elementor-element-6a3f5f9 elementor-widget elementor-widget-heading\" data-id=\"6a3f5f9\" data-element_type=\"widget\" data-widget_type=\"heading.default\">\n\t\t\t\t<div class=\"elementor-widget-container\">\n\t\t\t<h2 class=\"elementor-heading-title elementor-size-default\">Fiyata Neler Dahildir?<\/h2>\t\t<\/div>\n\t\t\t\t<\/div>\n\t\t\t\t<div class=\"elementor-element elementor-element-df80627 elementor-widget elementor-widget-text-editor\" data-id=\"df80627\" data-element_type=\"widget\" data-widget_type=\"text-editor.default\">\n\t\t\t\t<div class=\"elementor-widget-container\">\n\t\t\t\t\t\t\t<p>Tur fiyat\u0131na Bodrum Liman\u0131\u2019na gidi\u015f-d\u00f6n\u00fc\u015f transferler ve feribot biletleri dahildir. Yemekler, i\u00e7ecekler ve ki\u015fisel harcamalar fiyata dahil de\u011fildir.<\/p>\t\t\t\t\t\t<\/div>\n\t\t\t\t<\/div>\n\t\t\t\t<div class=\"elementor-element elementor-element-9ea19ed elementor-widget elementor-widget-heading\" data-id=\"9ea19ed\" data-element_type=\"widget\" data-widget_type=\"heading.default\">\n\t\t\t\t<div class=\"elementor-widget-container\">\n\t\t\t<h2 class=\"elementor-heading-title elementor-size-default\">Tura Nas\u0131l Haz\u0131rlanmal\u0131y\u0131m?<\/h2>\t\t<\/div>\n\t\t\t\t<\/div>\n\t\t\t\t<div class=\"elementor-element elementor-element-41cb41a elementor-widget elementor-widget-text-editor\" data-id=\"41cb41a\" data-element_type=\"widget\" data-widget_type=\"text-editor.default\">\n\t\t\t\t<div class=\"elementor-widget-container\">\n\t\t\t\t\t\t\t<ul><li>Pasaportunuzu ve Kos\u2019a giri\u015f i\u00e7in gerekli belgelerinizi yan\u0131n\u0131za almay\u0131 unutmay\u0131n.<\/li><li>Feribot saatlerine dikkat ederek hareket edin ve feribotu ka\u00e7\u0131rmamak i\u00e7in zaman\u0131nda orada olun.<\/li><li>Rahat k\u0131yafetler ve y\u00fcr\u00fcy\u00fc\u015fe uygun ayakkab\u0131lar giyin, ayr\u0131ca g\u00fcne\u015f kremi, \u015fapka ve su gibi ihtiya\u00e7lar\u0131n\u0131z\u0131 yan\u0131n\u0131za al\u0131n.<\/li><\/ul>\t\t\t\t\t\t<\/div>\n\t\t\t\t<\/div>\n\t\t\t\t<\/div>\n\t\t<div class=\"elementor-element elementor-element-f5c21c5 e-con-full e-flex e-con e-child\" data-id=\"f5c21c5\" data-element_type=\"container\">\n\t\t\t\t<div class=\"elementor-element elementor-element-fbce94b elementor-widget elementor-widget-image\" data-id=\"fbce94b\" data-element_type=\"widget\" data-widget_type=\"image.default\">\n\t\t\t\t<div class=\"elementor-widget-container\">\n\t\t\t\t\t\t\t\t\t\t\t\t\t<img fetchpriority=\"high\" decoding=\"async\" width=\"960\" height=\"604\" src=\"https:\/\/zazatour.com\/wp-content\/uploads\/2024\/11\/kos-island-4.jpg\" class=\"attachment-large size-large wp-image-1468\" alt=\"\" \/>\t\t\t\t\t\t\t\t\t\t\t\t\t<\/div>\n\t\t\t\t<\/div>\n\t\t\t\t<div class=\"elementor-element elementor-element-ac9196b elementor-widget elementor-widget-image\" data-id=\"ac9196b\" data-element_type=\"widget\" data-widget_type=\"image.default\">\n\t\t\t\t<div class=\"elementor-widget-container\">\n\t\t\t\t\t\t\t\t\t\t\t\t\t<img decoding=\"async\" width=\"1024\" height=\"576\" src=\"https:\/\/zazatour.com\/wp-content\/uploads\/2024\/11\/kos-island-7-1024x576.jpg\" class=\"attachment-large size-large wp-image-1469\" alt=\"\" \/>\t\t\t\t\t\t\t\t\t\t\t\t\t<\/div>\n\t\t\t\t<\/div>\n\t\t\t\t<div class=\"elementor-element elementor-element-f937c75 elementor-widget elementor-widget-image\" data-id=\"f937c75\" data-element_type=\"widget\" data-widget_type=\"image.default\">\n\t\t\t\t<div class=\"elementor-widget-container\">\n\t\t\t\t\t\t\t\t\t\t\t\t\t<img decoding=\"async\" width=\"1024\" height=\"512\" src=\"https:\/\/zazatour.com\/wp-content\/uploads\/2024\/11\/kos-island-1-1024x512.jpg\" class=\"attachment-large size-large wp-image-1470\" alt=\"\" \/>\t\t\t\t\t\t\t\t\t\t\t\t\t<\/div>\n\t\t\t\t<\/div>\n\t\t\t\t<\/div>\n\t\t\t\t\t<\/div>\n\t\t\t\t<\/div>\n\t\t<div class=\"elementor-element elementor-element-a750d3e e-flex e-con-boxed e-con e-parent\" data-id=\"a750d3e\" data-element_type=\"container\">\n\t\t\t\t\t<div class=\"e-con-inner\">\n\t\t\t\t<div class=\"elementor-element elementor-element-1f79dd6 elementor-widget elementor-widget-image\" data-id=\"1f79dd6\" data-element_type=\"widget\" data-widget_type=\"image.default\">\n\t\t\t\t<div class=\"elementor-widget-container\">\n\t\t\t\t\t\t\t\t\t\t\t\t\t<img loading=\"lazy\" decoding=\"async\" width=\"398\" height=\"132\" src=\"https:\/\/zazatour.com\/wp-content\/uploads\/2025\/04\/scuba-40.png\" class=\"attachment-large size-large wp-image-2835\" alt=\"\" \/>\t\t\t\t\t\t\t\t\t\t\t\t\t<\/div>\n\t\t\t\t<\/div>\n\t\t\t\t\t<\/div>\n\t\t\t\t<\/div>\n\t\t\t\t<\/div>\n\t\t","protected":false},"excerpt":{"rendered":"<p>KOS ADASI (YUNAN\u0130STAN) Kos Turu Hakk\u0131nda Genel Bilgiler Kos Adas\u0131, Bodrum\u2019dan yakla\u015f\u0131k 40 dakikal\u0131k keyifli bir feribot yolculu\u011fuyla ula\u015f\u0131labilen, tarihi zenginlikleri, g\u00fczel plajlar\u0131 ve canl\u0131 atmosferiyle \u00fcnl\u00fc bir Yunan adas\u0131d\u0131r. Bu tur, tam bir g\u00fcn boyunca aday\u0131 ke\u015ffetme f\u0131rsat\u0131 sunar ve ak\u015fam Bodrum\u2019a geri d\u00f6nersiniz. Vize i\u015flemleri ve gerekli belgeler hakk\u0131nda bilgi almak i\u00e7in ileti\u015fime [&hellip;]<\/p>\n","protected":false},"author":1,"featured_media":0,"parent":0,"menu_order":0,"comment_status":"closed","ping_status":"closed","template":"","meta":{"_uag_custom_page_level_css":"","site-sidebar-layout":"no-sidebar","site-content-layout":"page-builder","ast-site-content-layout":"full-width-container","site-content-style":"default","site-sidebar-style":"default","ast-global-header-display":"","ast-banner-title-visibility":"","ast-main-header-display":"","ast-hfb-above-header-display":"","ast-hfb-below-header-display":"","ast-hfb-mobile-header-display":"","site-post-title":"disabled","ast-breadcrumbs-content":"","ast-featured-img":"disabled","footer-sml-layout":"","theme-transparent-header-meta":"","adv-header-id-meta":"","stick-header-meta":"","header-above-stick-meta":"","header-main-stick-meta":"","header-below-stick-meta":"","astra-migrate-meta-layouts":"set","ast-page-background-enabled":"default","ast-page-background-meta":{"desktop":{"background-color":"var(--ast-global-color-4)","background-image":"","background-repeat":"repeat","background-position":"center center","background-size":"auto","background-attachment":"scroll","background-type":"","background-media":"","overlay-type":"","overlay-color":"","overlay-opacity":"","overlay-gradient":""},"tablet":{"background-color":"","background-image":"","background-repeat":"repeat","background-position":"center center","background-size":"auto","background-attachment":"scroll","background-type":"","background-media":"","overlay-type":"","overlay-color":"","overlay-opacity":"","overlay-gradient":""},"mobile":{"background-color":"","background-image":"","background-repeat":"repeat","background-position":"center center","background-size":"auto","background-attachment":"scroll","background-type":"","background-media":"","overlay-type":"","overlay-color":"","overlay-opacity":"","overlay-gradient":""}},"ast-content-background-meta":{"desktop":{"background-color":"var(--ast-global-color-5)","background-image":"","background-repeat":"repeat","background-position":"center center","background-size":"auto","background-attachment":"scroll","background-type":"","background-media":"","overlay-type":"","overlay-color":"","overlay-opacity":"","overlay-gradient":""},"tablet":{"background-color":"var(--ast-global-color-5)","background-image":"","background-repeat":"repeat","background-position":"center center","background-size":"auto","background-attachment":"scroll","background-type":"","background-media":"","overlay-type":"","overlay-color":"","overlay-opacity":"","overlay-gradient":""},"mobile":{"background-color":"var(--ast-global-color-5)","background-image":"","background-repeat":"repeat","background-position":"center center","background-size":"auto","background-attachment":"scroll","background-type":"","background-media":"","overlay-type":"","overlay-color":"","overlay-opacity":"","overlay-gradient":""}},"footnotes":""},"class_list":["post-1147","page","type-page","status-publish","hentry"],"aioseo_notices":[],"uagb_featured_image_src":{"full":false,"thumbnail":false,"medium":false,"medium_large":false,"large":false,"1536x1536":false,"2048x2048":false},"uagb_author_info":{"display_name":"alicemozkaya@gmail.com","author_link":"https:\/\/zazatour.com\/?author=1"},"uagb_comment_info":0,"uagb_excerpt":"KOS ADASI (YUNAN\u0130STAN) Kos Turu Hakk\u0131nda Genel Bilgiler Kos Adas\u0131, Bodrum\u2019dan yakla\u015f\u0131k 40 dakikal\u0131k keyifli bir feribot yolculu\u011fuyla ula\u015f\u0131labilen, tarihi zenginlikleri, g\u00fczel plajlar\u0131 ve canl\u0131 atmosferiyle \u00fcnl\u00fc bir Yunan adas\u0131d\u0131r. Bu tur, tam bir g\u00fcn boyunca aday\u0131 ke\u015ffetme f\u0131rsat\u0131 sunar ve ak\u015fam Bodrum\u2019a geri d\u00f6nersiniz. Vize i\u015flemleri ve gerekli belgeler hakk\u0131nda bilgi almak i\u00e7in ileti\u015fime&hellip;","rttpg_featured_image_url":null,"rttpg_author":{"display_name":"alicemozkaya@gmail.com","author_link":"https:\/\/zazatour.com\/?author=1"},"rttpg_comment":0,"rttpg_category":" <a href=\"https:\/\/zazatour.com\/\" rel=\"tag\">T\u00fcrk\u00e7e<\/a>","rttpg_excerpt":"KOS ADASI (YUNAN\u0130STAN) Kos Turu Hakk\u0131nda Genel Bilgiler Kos Adas\u0131, Bodrum\u2019dan yakla\u015f\u0131k 40 dakikal\u0131k keyifli bir feribot yolculu\u011fuyla ula\u015f\u0131labilen, tarihi zenginlikleri, g\u00fczel plajlar\u0131 ve canl\u0131 atmosferiyle \u00fcnl\u00fc bir Yunan adas\u0131d\u0131r. Bu tur, tam bir g\u00fcn boyunca aday\u0131 ke\u015ffetme f\u0131rsat\u0131 sunar ve ak\u015fam Bodrum\u2019a geri d\u00f6nersiniz. Vize i\u015flemleri ve gerekli belgeler hakk\u0131nda bilgi almak i\u00e7in ileti\u015fime&hellip;","_links":{"self":[{"href":"https:\/\/zazatour.com\/index.php?rest_route=\/wp\/v2\/pages\/1147"}],"collection":[{"href":"https:\/\/zazatour.com\/index.php?rest_route=\/wp\/v2\/pages"}],"about":[{"href":"https:\/\/zazatour.com\/index.php?rest_route=\/wp\/v2\/types\/page"}],"author":[{"embeddable":true,"href":"https:\/\/zazatour.com\/index.php?rest_route=\/wp\/v2\/users\/1"}],"replies":[{"embeddable":true,"href":"https:\/\/zazatour.com\/index.php?rest_route=%2Fwp%2Fv2%2Fcomments&post=1147"}],"version-history":[{"count":10,"href":"https:\/\/zazatour.com\/index.php?rest_route=\/wp\/v2\/pages\/1147\/revisions"}],"predecessor-version":[{"id":2856,"href":"https:\/\/zazatour.com\/index.php?rest_route=\/wp\/v2\/pages\/1147\/revisions\/2856"}],"wp:attachment":[{"href":"https:\/\/zazatour.com\/index.php?rest_route=%2Fwp%2Fv2%2Fmedia&parent=1147"}],"curies":[{"name":"wp","href":"https:\/\/api.w.org\/{rel}","templated":true}]}}