{"id":1552,"date":"2024-11-17T20:08:52","date_gmt":"2024-11-17T20:08:52","guid":{"rendered":"https:\/\/zazatour.com\/?page_id=1552"},"modified":"2024-11-30T09:39:32","modified_gmt":"2024-11-30T09:39:32","slug":"%e2%81%a0istanbul","status":"publish","type":"page","link":"https:\/\/zazatour.com\/?page_id=1552","title":{"rendered":"\u2060Istanbul"},"content":{"rendered":"\t\t<div data-elementor-type=\"wp-page\" data-elementor-id=\"1552\" class=\"elementor elementor-1552\">\n\t\t\t\t<div class=\"elementor-element elementor-element-b0e0dfb e-flex e-con-boxed e-con e-parent\" data-id=\"b0e0dfb\" data-element_type=\"container\">\n\t\t\t\t\t<div class=\"e-con-inner\">\n\t\t\t\t<div class=\"elementor-element elementor-element-a728b46 elementor-widget elementor-widget-heading\" data-id=\"a728b46\" data-element_type=\"widget\" data-widget_type=\"heading.default\">\n\t\t\t\t<div class=\"elementor-widget-container\">\n\t\t\t<h2 class=\"elementor-heading-title elementor-size-default\">Didim \u00c7\u0131k\u0131\u015fl\u0131 2 Gece 3 G\u00fcn \u0130stanbul Tur Program\u0131 (u\u00e7akl\u0131)<\/h2>\t\t<\/div>\n\t\t\t\t<\/div>\n\t\t\t\t\t<\/div>\n\t\t\t\t<\/div>\n\t\t<div class=\"elementor-element elementor-element-09196d3 e-flex e-con-boxed e-con e-parent\" data-id=\"09196d3\" data-element_type=\"container\">\n\t\t\t\t\t<div class=\"e-con-inner\">\n\t\t<div class=\"elementor-element elementor-element-12a193f e-con-full e-flex e-con e-child\" data-id=\"12a193f\" data-element_type=\"container\">\n\t\t\t\t<div class=\"elementor-element elementor-element-cb8d712 elementor-widget elementor-widget-heading\" data-id=\"cb8d712\" data-element_type=\"widget\" data-widget_type=\"heading.default\">\n\t\t\t\t<div class=\"elementor-widget-container\">\n\t\t\t<h2 class=\"elementor-heading-title elementor-size-default\">1. G\u00fcn: Didim \u2013 \u0130stanbul <\/h2>\t\t<\/div>\n\t\t\t\t<\/div>\n\t\t\t\t<div class=\"elementor-element elementor-element-f294d6e elementor-widget elementor-widget-text-editor\" data-id=\"f294d6e\" data-element_type=\"widget\" data-widget_type=\"text-editor.default\">\n\t\t\t\t<div class=\"elementor-widget-container\">\n\t\t\t\t\t\t\t<ul><li>Belirtilen saatte Didim\u2019den \u0130zmir Adnan Menderes Havaliman\u0131&#8217;na veya Bodrum Milas Havaliman\u0131&#8217;na transfer. (U\u00e7a\u011f\u0131n kalk\u0131\u015f noktas\u0131 \u0130zmir veya Bodrum olabilir, kesinle\u015fen programda detaylar payla\u015f\u0131lacakt\u0131r.)<\/li><li>\u0130stanbul\u2019a u\u00e7u\u015f.<\/li><li>Havaliman\u0131nda kar\u015f\u0131lama.<\/li><li>Otelimize transfer ve odalara yerle\u015fme.<\/li><\/ul>\t\t\t\t\t\t<\/div>\n\t\t\t\t<\/div>\n\t\t\t\t<div class=\"elementor-element elementor-element-3e01540 elementor-widget elementor-widget-heading\" data-id=\"3e01540\" data-element_type=\"widget\" data-widget_type=\"heading.default\">\n\t\t\t\t<div class=\"elementor-widget-container\">\n\t\t\t<h2 class=\"elementor-heading-title elementor-size-default\">2. G\u00fcn: Tarihi Yar\u0131mada<\/h2>\t\t<\/div>\n\t\t\t\t<\/div>\n\t\t\t\t<div class=\"elementor-element elementor-element-006d199 elementor-widget elementor-widget-text-editor\" data-id=\"006d199\" data-element_type=\"widget\" data-widget_type=\"text-editor.default\">\n\t\t\t\t<div class=\"elementor-widget-container\">\n\t\t\t\t\t\t\t<ul><li>Otelde kahvalt\u0131.<\/li><li>Ayasofya<\/li><li>Sultanahmet<\/li><li>Hipodrom<\/li><li>Kapal\u0131\u00e7ar\u015f\u0131<\/li><li>\u00d6\u011fle Yeme\u011fi (i\u00e7ecekler ekstra)<\/li><li>Topkap\u0131 Saray\u0131 (Harem dahil de\u011fil)<\/li><li>Aya \u0130rini Kilisesi<\/li><li>Otelimize d\u00f6n\u00fc\u015f<\/li><\/ul>\t\t\t\t\t\t<\/div>\n\t\t\t\t<\/div>\n\t\t\t\t<div class=\"elementor-element elementor-element-e912d8a elementor-widget elementor-widget-text-editor\" data-id=\"e912d8a\" data-element_type=\"widget\" data-widget_type=\"text-editor.default\">\n\t\t\t\t<div class=\"elementor-widget-container\">\n\t\t\t\t\t\t\t<p>*Bu tur s\u0131ras\u0131nda g\u00f6r\u00fclen di\u011fer \u00f6nemli yerler aras\u0131nda Valens Su Kemeri, Theodosius Dikilita\u015f\u0131, Y\u0131lanl\u0131 S\u00fctun ve Wilhelm II Alman \u00c7e\u015fmesi bulunmaktad\u0131r.<\/p><p><strong>\u00d6NEML\u0130 UYARI<\/strong><strong><br \/><\/strong>Topkap\u0131 Saray\u0131 Sal\u0131 g\u00fcnleri kapal\u0131d\u0131r: Sal\u0131 g\u00fcnleri tur yap\u0131lmamaktad\u0131r.<\/p>\t\t\t\t\t\t<\/div>\n\t\t\t\t<\/div>\n\t\t\t\t<div class=\"elementor-element elementor-element-990f44a elementor-widget elementor-widget-heading\" data-id=\"990f44a\" data-element_type=\"widget\" data-widget_type=\"heading.default\">\n\t\t\t\t<div class=\"elementor-widget-container\">\n\t\t\t<h2 class=\"elementor-heading-title elementor-size-default\">3. G\u00fcn: \u0130stanbul Bo\u011faz\u0131 ve D\u00f6n\u00fc\u015f<\/h2>\t\t<\/div>\n\t\t\t\t<\/div>\n\t\t\t\t<div class=\"elementor-element elementor-element-3938b58 elementor-widget elementor-widget-text-editor\" data-id=\"3938b58\" data-element_type=\"widget\" data-widget_type=\"text-editor.default\">\n\t\t\t\t<div class=\"elementor-widget-container\">\n\t\t\t\t\t\t\t<ul><li>Otelde kahvalt\u0131 ve check-out.<\/li><li>Bo\u011faz K\u00f6pr\u00fcs\u00fc<\/li><li>Beylerbeyi Saray\u0131<\/li><li>\u00c7aml\u0131ca Camii<\/li><li>\u00d6\u011fle Yeme\u011fi (i\u00e7ecekler ekstra)<\/li><li>\u015eehir Surlar\u0131<\/li><li>Hali\u00e7<\/li><li>Ey\u00fcp Sultan Camii<\/li><li>Teleferik<\/li><li>Pierre Loti Tepesi<\/li><li>Al\u0131\u015fveri\u015f<\/li><li>Tekne ile Bo\u011faz Turu<\/li><li>Havaliman\u0131na transfer.<\/li><li>\u0130zmir veya Bodrum\u2019a u\u00e7u\u015f (kalk\u0131\u015f noktas\u0131 tur ba\u015flang\u0131c\u0131nda netle\u015ftirilecektir).<\/li><li>Didim\u2019e transfer ve tur sonu.<\/li><\/ul>\t\t\t\t\t\t<\/div>\n\t\t\t\t<\/div>\n\t\t\t\t<div class=\"elementor-element elementor-element-9dc6476 elementor-widget elementor-widget-text-editor\" data-id=\"9dc6476\" data-element_type=\"widget\" data-widget_type=\"text-editor.default\">\n\t\t\t\t<div class=\"elementor-widget-container\">\n\t\t\t\t\t\t\t<p><strong>\u00d6NEML\u0130 UYARI<\/strong><strong><br \/><\/strong>Beylerbeyi Saray\u0131 Pazartesi g\u00fcnleri kapal\u0131d\u0131r: Pazartesi g\u00fcnleri tur yap\u0131lmamaktad\u0131r.<\/p>\t\t\t\t\t\t<\/div>\n\t\t\t\t<\/div>\n\t\t\t\t<div class=\"elementor-element elementor-element-5576c9d elementor-widget elementor-widget-heading\" data-id=\"5576c9d\" data-element_type=\"widget\" data-widget_type=\"heading.default\">\n\t\t\t\t<div class=\"elementor-widget-container\">\n\t\t\t<h2 class=\"elementor-heading-title elementor-size-default\">Fiyata Dahil Olan Hizmetler<\/h2>\t\t<\/div>\n\t\t\t\t<\/div>\n\t\t\t\t<div class=\"elementor-element elementor-element-570cc6c elementor-widget elementor-widget-text-editor\" data-id=\"570cc6c\" data-element_type=\"widget\" data-widget_type=\"text-editor.default\">\n\t\t\t\t<div class=\"elementor-widget-container\">\n\t\t\t\t\t\t\t<ul><li>Didim\u2019den havaliman\u0131 transferleri (gidi\u015f-d\u00f6n\u00fc\u015f).<\/li><li>U\u00e7ak bileti (gidi\u015f-d\u00f6n\u00fc\u015f).<\/li><li>\u0130stanbul\u2019da 2 gece otel konaklamas\u0131 (kahvalt\u0131 dahil).<\/li><li>Tur program\u0131nda belirtilen t\u00fcm geziler ve giri\u015f \u00fccretleri.<\/li><li>Profesyonel rehberlik hizmeti.<\/li><li>Bo\u011faz turu.<\/li><li>\u00d6\u011fle yemekleri.<\/li><\/ul>\t\t\t\t\t\t<\/div>\n\t\t\t\t<\/div>\n\t\t\t\t<div class=\"elementor-element elementor-element-f778e2c elementor-widget elementor-widget-heading\" data-id=\"f778e2c\" data-element_type=\"widget\" data-widget_type=\"heading.default\">\n\t\t\t\t<div class=\"elementor-widget-container\">\n\t\t\t<h2 class=\"elementor-heading-title elementor-size-default\">Fiyata Dahil Olmayan Hizmetler<\/h2>\t\t<\/div>\n\t\t\t\t<\/div>\n\t\t\t\t<div class=\"elementor-element elementor-element-f500ea1 elementor-widget elementor-widget-text-editor\" data-id=\"f500ea1\" data-element_type=\"widget\" data-widget_type=\"text-editor.default\">\n\t\t\t\t<div class=\"elementor-widget-container\">\n\t\t\t\t\t\t\t<ul><li>\u00d6\u011fle yemeklerinde al\u0131nan i\u00e7ecekler.<\/li><li>Ekstra harcamalar ve ki\u015fisel ihtiya\u00e7lar.<\/li><li>M\u00fcze giri\u015flerinde belirtilmeyen ekstra \u00fccretler.<\/li><\/ul>\t\t\t\t\t\t<\/div>\n\t\t\t\t<\/div>\n\t\t\t\t<\/div>\n\t\t<div class=\"elementor-element elementor-element-4ae374a e-con-full e-flex e-con e-child\" data-id=\"4ae374a\" data-element_type=\"container\">\n\t\t\t\t<div class=\"elementor-element elementor-element-891c5f6 elementor-widget elementor-widget-image\" data-id=\"891c5f6\" data-element_type=\"widget\" data-widget_type=\"image.default\">\n\t\t\t\t<div class=\"elementor-widget-container\">\n\t\t\t\t\t\t\t\t\t\t\t\t\t<img fetchpriority=\"high\" decoding=\"async\" width=\"1024\" height=\"666\" src=\"https:\/\/zazatour.com\/wp-content\/uploads\/2024\/11\/shutterstock_291252509-scaled-1-1024x666.jpg\" class=\"attachment-large size-large wp-image-2074\" alt=\"\" \/>\t\t\t\t\t\t\t\t\t\t\t\t\t<\/div>\n\t\t\t\t<\/div>\n\t\t\t\t<div class=\"elementor-element elementor-element-4b721cb elementor-widget elementor-widget-image\" data-id=\"4b721cb\" data-element_type=\"widget\" data-widget_type=\"image.default\">\n\t\t\t\t<div class=\"elementor-widget-container\">\n\t\t\t\t\t\t\t\t\t\t\t\t\t<img decoding=\"async\" width=\"1024\" height=\"576\" src=\"https:\/\/zazatour.com\/wp-content\/uploads\/2024\/11\/istanbul-manzara-1024x576.jpg\" class=\"attachment-large size-large wp-image-2075\" alt=\"\" \/>\t\t\t\t\t\t\t\t\t\t\t\t\t<\/div>\n\t\t\t\t<\/div>\n\t\t\t\t<div class=\"elementor-element elementor-element-c437da7 elementor-widget elementor-widget-image\" data-id=\"c437da7\" data-element_type=\"widget\" data-widget_type=\"image.default\">\n\t\t\t\t<div class=\"elementor-widget-container\">\n\t\t\t\t\t\t\t\t\t\t\t\t\t<img decoding=\"async\" width=\"750\" height=\"500\" src=\"https:\/\/zazatour.com\/wp-content\/uploads\/2024\/11\/topkapi-sarayinin-hikayesi.jpg\" class=\"attachment-large size-large wp-image-2084\" alt=\"\" \/>\t\t\t\t\t\t\t\t\t\t\t\t\t<\/div>\n\t\t\t\t<\/div>\n\t\t\t\t<div class=\"elementor-element elementor-element-67f7433 elementor-widget elementor-widget-image\" data-id=\"67f7433\" data-element_type=\"widget\" data-widget_type=\"image.default\">\n\t\t\t\t<div class=\"elementor-widget-container\">\n\t\t\t\t\t\t\t\t\t\t\t\t\t<img loading=\"lazy\" decoding=\"async\" width=\"750\" height=\"422\" src=\"https:\/\/zazatour.com\/wp-content\/uploads\/2024\/11\/5f19d22bc9de3d25681fae31.webp\" class=\"attachment-large size-large wp-image-2119\" alt=\"\" \/>\t\t\t\t\t\t\t\t\t\t\t\t\t<\/div>\n\t\t\t\t<\/div>\n\t\t\t\t<div class=\"elementor-element elementor-element-b8c9f01 elementor-widget elementor-widget-image\" data-id=\"b8c9f01\" data-element_type=\"widget\" data-widget_type=\"image.default\">\n\t\t\t\t<div class=\"elementor-widget-container\">\n\t\t\t\t\t\t\t\t\t\t\t\t\t<img loading=\"lazy\" decoding=\"async\" width=\"900\" height=\"599\" src=\"https:\/\/zazatour.com\/wp-content\/uploads\/2024\/11\/KX7nJhgKPebo2oSTJ7ppw2qRYJ5zV77QiIj3EuCt.webp\" class=\"attachment-large size-large wp-image-2118\" alt=\"\" \/>\t\t\t\t\t\t\t\t\t\t\t\t\t<\/div>\n\t\t\t\t<\/div>\n\t\t\t\t<\/div>\n\t\t\t\t\t<\/div>\n\t\t\t\t<\/div>\n\t\t<div class=\"elementor-element elementor-element-3875233 e-flex e-con-boxed e-con e-parent\" data-id=\"3875233\" data-element_type=\"container\">\n\t\t\t\t\t<div class=\"e-con-inner\">\n\t\t\t\t<div class=\"elementor-element elementor-element-1e1d771 elementor-widget elementor-widget-text-editor\" data-id=\"1e1d771\" data-element_type=\"widget\" data-widget_type=\"text-editor.default\">\n\t\t\t\t<div class=\"elementor-widget-container\">\n\t\t\t\t\t\t\t<p><strong>Not:<\/strong> Program, u\u00e7u\u015f saatlerine ve kat\u0131l\u0131mc\u0131 tercihine g\u00f6re de\u011fi\u015fiklik g\u00f6sterebilir. U\u00e7u\u015f kalk\u0131\u015f noktas\u0131 (\u0130zmir veya Bodrum) talep ve m\u00fcsaitlik durumuna g\u00f6re belirlenecektir.<\/p><p>Siz de bu benzersiz \u0130stanbul deneyimi i\u00e7in yerinizi \u015fimdiden ay\u0131rtabilirsiniz! \ud83d\ude0a<\/p>\t\t\t\t\t\t<\/div>\n\t\t\t\t<\/div>\n\t\t\t\t\t<\/div>\n\t\t\t\t<\/div>\n\t\t<div class=\"elementor-element elementor-element-ef4c8c6 e-flex e-con-boxed e-con e-parent\" data-id=\"ef4c8c6\" data-element_type=\"container\">\n\t\t\t\t\t<div class=\"e-con-inner\">\n\t\t\t\t<div class=\"elementor-element elementor-element-e549afc elementor-widget elementor-widget-image\" data-id=\"e549afc\" data-element_type=\"widget\" data-widget_type=\"image.default\">\n\t\t\t\t<div class=\"elementor-widget-container\">\n\t\t\t\t\t\t\t\t\t\t\t\t\t<img loading=\"lazy\" decoding=\"async\" width=\"849\" height=\"386\" src=\"https:\/\/zazatour.com\/wp-content\/uploads\/2024\/11\/CONTACT-US-1.png\" class=\"attachment-large size-large wp-image-2028\" alt=\"\" \/>\t\t\t\t\t\t\t\t\t\t\t\t\t<\/div>\n\t\t\t\t<\/div>\n\t\t\t\t\t<\/div>\n\t\t\t\t<\/div>\n\t\t\t\t<\/div>\n\t\t","protected":false},"excerpt":{"rendered":"<p>Didim \u00c7\u0131k\u0131\u015fl\u0131 2 Gece 3 G\u00fcn \u0130stanbul Tur Program\u0131 (u\u00e7akl\u0131) 1. G\u00fcn: Didim \u2013 \u0130stanbul Belirtilen saatte Didim\u2019den \u0130zmir Adnan Menderes Havaliman\u0131&#8217;na veya Bodrum Milas Havaliman\u0131&#8217;na transfer. (U\u00e7a\u011f\u0131n kalk\u0131\u015f noktas\u0131 \u0130zmir veya Bodrum olabilir, kesinle\u015fen programda detaylar payla\u015f\u0131lacakt\u0131r.) \u0130stanbul\u2019a u\u00e7u\u015f. Havaliman\u0131nda kar\u015f\u0131lama. Otelimize transfer ve odalara yerle\u015fme. 2. G\u00fcn: Tarihi Yar\u0131mada Otelde kahvalt\u0131. Ayasofya Sultanahmet [&hellip;]<\/p>\n","protected":false},"author":1,"featured_media":0,"parent":0,"menu_order":0,"comment_status":"closed","ping_status":"closed","template":"","meta":{"_uag_custom_page_level_css":"","site-sidebar-layout":"no-sidebar","site-content-layout":"page-builder","ast-site-content-layout":"full-width-container","site-content-style":"default","site-sidebar-style":"default","ast-global-header-display":"","ast-banner-title-visibility":"","ast-main-header-display":"","ast-hfb-above-header-display":"","ast-hfb-below-header-display":"","ast-hfb-mobile-header-display":"","site-post-title":"disabled","ast-breadcrumbs-content":"","ast-featured-img":"disabled","footer-sml-layout":"","theme-transparent-header-meta":"","adv-header-id-meta":"","stick-header-meta":"","header-above-stick-meta":"","header-main-stick-meta":"","header-below-stick-meta":"","astra-migrate-meta-layouts":"set","ast-page-background-enabled":"default","ast-page-background-meta":{"desktop":{"background-color":"var(--ast-global-color-4)","background-image":"","background-repeat":"repeat","background-position":"center center","background-size":"auto","background-attachment":"scroll","background-type":"","background-media":"","overlay-type":"","overlay-color":"","overlay-opacity":"","overlay-gradient":""},"tablet":{"background-color":"","background-image":"","background-repeat":"repeat","background-position":"center center","background-size":"auto","background-attachment":"scroll","background-type":"","background-media":"","overlay-type":"","overlay-color":"","overlay-opacity":"","overlay-gradient":""},"mobile":{"background-color":"","background-image":"","background-repeat":"repeat","background-position":"center center","background-size":"auto","background-attachment":"scroll","background-type":"","background-media":"","overlay-type":"","overlay-color":"","overlay-opacity":"","overlay-gradient":""}},"ast-content-background-meta":{"desktop":{"background-color":"var(--ast-global-color-5)","background-image":"","background-repeat":"repeat","background-position":"center center","background-size":"auto","background-attachment":"scroll","background-type":"","background-media":"","overlay-type":"","overlay-color":"","overlay-opacity":"","overlay-gradient":""},"tablet":{"background-color":"var(--ast-global-color-5)","background-image":"","background-repeat":"repeat","background-position":"center center","background-size":"auto","background-attachment":"scroll","background-type":"","background-media":"","overlay-type":"","overlay-color":"","overlay-opacity":"","overlay-gradient":""},"mobile":{"background-color":"var(--ast-global-color-5)","background-image":"","background-repeat":"repeat","background-position":"center center","background-size":"auto","background-attachment":"scroll","background-type":"","background-media":"","overlay-type":"","overlay-color":"","overlay-opacity":"","overlay-gradient":""}},"footnotes":""},"class_list":["post-1552","page","type-page","status-publish","hentry"],"aioseo_notices":[],"uagb_featured_image_src":{"full":false,"thumbnail":false,"medium":false,"medium_large":false,"large":false,"1536x1536":false,"2048x2048":false},"uagb_author_info":{"display_name":"alicemozkaya@gmail.com","author_link":"https:\/\/zazatour.com\/?author=1"},"uagb_comment_info":0,"uagb_excerpt":"Didim \u00c7\u0131k\u0131\u015fl\u0131 2 Gece 3 G\u00fcn \u0130stanbul Tur Program\u0131 (u\u00e7akl\u0131) 1. G\u00fcn: Didim \u2013 \u0130stanbul Belirtilen saatte Didim\u2019den \u0130zmir Adnan Menderes Havaliman\u0131&#8217;na veya Bodrum Milas Havaliman\u0131&#8217;na transfer. (U\u00e7a\u011f\u0131n kalk\u0131\u015f noktas\u0131 \u0130zmir veya Bodrum olabilir, kesinle\u015fen programda detaylar payla\u015f\u0131lacakt\u0131r.) \u0130stanbul\u2019a u\u00e7u\u015f. Havaliman\u0131nda kar\u015f\u0131lama. Otelimize transfer ve odalara yerle\u015fme. 2. G\u00fcn: Tarihi Yar\u0131mada Otelde kahvalt\u0131. Ayasofya Sultanahmet&hellip;","rttpg_featured_image_url":null,"rttpg_author":{"display_name":"alicemozkaya@gmail.com","author_link":"https:\/\/zazatour.com\/?author=1"},"rttpg_comment":0,"rttpg_category":" <a href=\"https:\/\/zazatour.com\/\" rel=\"tag\">T\u00fcrk\u00e7e<\/a>","rttpg_excerpt":"Didim \u00c7\u0131k\u0131\u015fl\u0131 2 Gece 3 G\u00fcn \u0130stanbul Tur Program\u0131 (u\u00e7akl\u0131) 1. G\u00fcn: Didim \u2013 \u0130stanbul Belirtilen saatte Didim\u2019den \u0130zmir Adnan Menderes Havaliman\u0131&#8217;na veya Bodrum Milas Havaliman\u0131&#8217;na transfer. (U\u00e7a\u011f\u0131n kalk\u0131\u015f noktas\u0131 \u0130zmir veya Bodrum olabilir, kesinle\u015fen programda detaylar payla\u015f\u0131lacakt\u0131r.) \u0130stanbul\u2019a u\u00e7u\u015f. Havaliman\u0131nda kar\u015f\u0131lama. Otelimize transfer ve odalara yerle\u015fme. 2. G\u00fcn: Tarihi Yar\u0131mada Otelde kahvalt\u0131. Ayasofya Sultanahmet&hellip;","_links":{"self":[{"href":"https:\/\/zazatour.com\/index.php?rest_route=\/wp\/v2\/pages\/1552"}],"collection":[{"href":"https:\/\/zazatour.com\/index.php?rest_route=\/wp\/v2\/pages"}],"about":[{"href":"https:\/\/zazatour.com\/index.php?rest_route=\/wp\/v2\/types\/page"}],"author":[{"embeddable":true,"href":"https:\/\/zazatour.com\/index.php?rest_route=\/wp\/v2\/users\/1"}],"replies":[{"embeddable":true,"href":"https:\/\/zazatour.com\/index.php?rest_route=%2Fwp%2Fv2%2Fcomments&post=1552"}],"version-history":[{"count":16,"href":"https:\/\/zazatour.com\/index.php?rest_route=\/wp\/v2\/pages\/1552\/revisions"}],"predecessor-version":[{"id":2133,"href":"https:\/\/zazatour.com\/index.php?rest_route=\/wp\/v2\/pages\/1552\/revisions\/2133"}],"wp:attachment":[{"href":"https:\/\/zazatour.com\/index.php?rest_route=%2Fwp%2Fv2%2Fmedia&parent=1552"}],"curies":[{"name":"wp","href":"https:\/\/api.w.org\/{rel}","templated":true}]}}