{"id":1558,"date":"2024-11-17T20:10:09","date_gmt":"2024-11-17T20:10:09","guid":{"rendered":"https:\/\/zazatour.com\/?page_id=1558"},"modified":"2024-11-30T11:37:41","modified_gmt":"2024-11-30T11:37:41","slug":"kapadokya-2","status":"publish","type":"page","link":"https:\/\/zazatour.com\/?page_id=1558","title":{"rendered":"Kapadokya"},"content":{"rendered":"\t\t<div data-elementor-type=\"wp-page\" data-elementor-id=\"1558\" class=\"elementor elementor-1558\">\n\t\t\t\t<div class=\"elementor-element elementor-element-c7b9c63 e-flex e-con-boxed e-con e-parent\" data-id=\"c7b9c63\" data-element_type=\"container\">\n\t\t\t\t\t<div class=\"e-con-inner\">\n\t\t\t\t<div class=\"elementor-element elementor-element-146a5be elementor-widget elementor-widget-heading\" data-id=\"146a5be\" data-element_type=\"widget\" data-widget_type=\"heading.default\">\n\t\t\t\t<div class=\"elementor-widget-container\">\n\t\t\t<h2 class=\"elementor-heading-title elementor-size-default\">Didim \u00c7\u0131k\u0131\u015fl\u0131 2 Gece 3 G\u00fcn Kapadokya Tur Program\u0131 (u\u00e7akl\u0131)<\/h2>\t\t<\/div>\n\t\t\t\t<\/div>\n\t\t\t\t\t<\/div>\n\t\t\t\t<\/div>\n\t\t<div class=\"elementor-element elementor-element-72f06d7 e-flex e-con-boxed e-con e-parent\" data-id=\"72f06d7\" data-element_type=\"container\">\n\t\t\t\t\t<div class=\"e-con-inner\">\n\t\t<div class=\"elementor-element elementor-element-9970bc6 e-con-full e-flex e-con e-child\" data-id=\"9970bc6\" data-element_type=\"container\">\n\t\t\t\t<div class=\"elementor-element elementor-element-a4c2589 elementor-widget elementor-widget-heading\" data-id=\"a4c2589\" data-element_type=\"widget\" data-widget_type=\"heading.default\">\n\t\t\t\t<div class=\"elementor-widget-container\">\n\t\t\t<h2 class=\"elementor-heading-title elementor-size-default\">1. G\u00fcn: Didim \u2013 Kapadokya<\/h2>\t\t<\/div>\n\t\t\t\t<\/div>\n\t\t\t\t<div class=\"elementor-element elementor-element-8c54576 elementor-widget elementor-widget-text-editor\" data-id=\"8c54576\" data-element_type=\"widget\" data-widget_type=\"text-editor.default\">\n\t\t\t\t<div class=\"elementor-widget-container\">\n\t\t\t\t\t\t\t<ul><li>Belirtilen saatte Didim\u2019den \u0130zmir Adnan Menderes Havaliman\u0131&#8217;na veya Bodrum Milas Havaliman\u0131&#8217;na transfer.<br \/><em>(U\u00e7a\u011f\u0131n kalk\u0131\u015f noktas\u0131 \u0130zmir veya Bodrum olabilir; kesinle\u015fen programda detaylar payla\u015f\u0131lacakt\u0131r.)<\/em><\/li><li>Kapadokya\u2019ya u\u00e7u\u015f.<\/li><li>Havaliman\u0131nda kar\u015f\u0131lama ve otelimize transfer.<\/li><li>Otelde odalara yerle\u015fme ve serbest zaman.<\/li><\/ul>\t\t\t\t\t\t<\/div>\n\t\t\t\t<\/div>\n\t\t\t\t<div class=\"elementor-element elementor-element-bbc7252 elementor-widget elementor-widget-heading\" data-id=\"bbc7252\" data-element_type=\"widget\" data-widget_type=\"heading.default\">\n\t\t\t\t<div class=\"elementor-widget-container\">\n\t\t\t<h2 class=\"elementor-heading-title elementor-size-default\">2. G\u00fcn: Kuzey Kapadokya Turu<\/h2>\t\t<\/div>\n\t\t\t\t<\/div>\n\t\t\t\t<div class=\"elementor-element elementor-element-1cc7f65 elementor-widget elementor-widget-text-editor\" data-id=\"1cc7f65\" data-element_type=\"widget\" data-widget_type=\"text-editor.default\">\n\t\t\t\t<div class=\"elementor-widget-container\">\n\t\t\t\t\t\t\t<ul><li>Otelde kahvalt\u0131.<\/li><li>Kuzey Kapadokya Turu:<ul><li>A\u015fk Vadisi (Love Valley)<\/li><li>Peribacalar\u0131 Vadisi (Pa\u015faba\u011f)<\/li><li>G\u00f6reme A\u00e7\u0131k Hava M\u00fczesi<\/li><li>Hayal Vadisi (Devrent Valley)<\/li><li>U\u00e7hisar<\/li><li>\u00c7anak-\u00e7\u00f6mlek ve hal\u0131 at\u00f6lyesi ziyareti<\/li><\/ul><\/li><li>Tur bitiminde otelimize transfer.<\/li><\/ul>\t\t\t\t\t\t<\/div>\n\t\t\t\t<\/div>\n\t\t\t\t<div class=\"elementor-element elementor-element-f4e7bc3 elementor-widget elementor-widget-heading\" data-id=\"f4e7bc3\" data-element_type=\"widget\" data-widget_type=\"heading.default\">\n\t\t\t\t<div class=\"elementor-widget-container\">\n\t\t\t<h2 class=\"elementor-heading-title elementor-size-default\">3. G\u00fcn: G\u00fcney Kapadokya Turu ve D\u00f6n\u00fc\u015f<\/h2>\t\t<\/div>\n\t\t\t\t<\/div>\n\t\t\t\t<div class=\"elementor-element elementor-element-aa6f455 elementor-widget elementor-widget-text-editor\" data-id=\"aa6f455\" data-element_type=\"widget\" data-widget_type=\"text-editor.default\">\n\t\t\t\t<div class=\"elementor-widget-container\">\n\t\t\t\t\t\t\t<ul><li>G\u00fcn do\u011fumunda s\u0131cak hava balonu turu (iste\u011fe ba\u011fl\u0131).<\/li><li>Otelde kahvalt\u0131 ve ard\u0131ndan G\u00fcney Kapadokya Turu:<ul><li>Kapadokya Panoramas\u0131<\/li><li>Yeralt\u0131 \u015eehri<\/li><li>Ortahisar Kalesi<\/li><li>Vadi y\u00fcr\u00fcy\u00fc\u015f\u00fc<\/li><li>Kaya Manast\u0131r\u0131<\/li><li>G\u00fcvercinlik Vadisi Panoramas\u0131<\/li><li>De\u011ferli Ta\u015flar At\u00f6lyesi ziyareti<\/li><\/ul><\/li><li>Tur bitiminde havaliman\u0131na transfer.<\/li><li>Kapadokya\u2019dan \u0130zmir veya Bodrum\u2019a u\u00e7u\u015f.<\/li><li>Havaliman\u0131nda kar\u015f\u0131lama ve Didim\u2019e transfer.<\/li><li>Turun sonu.<\/li><\/ul>\t\t\t\t\t\t<\/div>\n\t\t\t\t<\/div>\n\t\t\t\t<div class=\"elementor-element elementor-element-cac7a12 elementor-widget elementor-widget-heading\" data-id=\"cac7a12\" data-element_type=\"widget\" data-widget_type=\"heading.default\">\n\t\t\t\t<div class=\"elementor-widget-container\">\n\t\t\t<h2 class=\"elementor-heading-title elementor-size-default\">Fiyata Dahil Olan Hizmetler<\/h2>\t\t<\/div>\n\t\t\t\t<\/div>\n\t\t\t\t<div class=\"elementor-element elementor-element-0b06be6 elementor-widget elementor-widget-text-editor\" data-id=\"0b06be6\" data-element_type=\"widget\" data-widget_type=\"text-editor.default\">\n\t\t\t\t<div class=\"elementor-widget-container\">\n\t\t\t\t\t\t\t<ul><li>Didim\u2019den havaliman\u0131 transferleri (gidi\u015f-d\u00f6n\u00fc\u015f).<\/li><li>U\u00e7ak bileti (gidi\u015f-d\u00f6n\u00fc\u015f).<\/li><li>Kapadokya\u2019da 2 gece otel konaklamas\u0131 (kahvalt\u0131 dahil).<\/li><li>Tur program\u0131nda belirtilen t\u00fcm geziler ve giri\u015f \u00fccretleri.<\/li><li>Profesyonel rehberlik hizmeti.<\/li><\/ul>\t\t\t\t\t\t<\/div>\n\t\t\t\t<\/div>\n\t\t\t\t<div class=\"elementor-element elementor-element-53db0b2 elementor-widget elementor-widget-heading\" data-id=\"53db0b2\" data-element_type=\"widget\" data-widget_type=\"heading.default\">\n\t\t\t\t<div class=\"elementor-widget-container\">\n\t\t\t<h2 class=\"elementor-heading-title elementor-size-default\">Fiyata Dahil Olmayan Hizmetler<\/h2>\t\t<\/div>\n\t\t\t\t<\/div>\n\t\t\t\t<div class=\"elementor-element elementor-element-20d438f elementor-widget elementor-widget-text-editor\" data-id=\"20d438f\" data-element_type=\"widget\" data-widget_type=\"text-editor.default\">\n\t\t\t\t<div class=\"elementor-widget-container\">\n\t\t\t\t\t\t\t<ul><li>S\u0131cak hava balonu turu (iste\u011fe ba\u011fl\u0131).<\/li><li>Ekstra harcamalar ve ki\u015fisel ihtiya\u00e7lar.<\/li><li>M\u00fcze giri\u015flerinde belirtilmeyen ekstra \u00fccretler.<\/li><\/ul>\t\t\t\t\t\t<\/div>\n\t\t\t\t<\/div>\n\t\t\t\t<\/div>\n\t\t<div class=\"elementor-element elementor-element-016d4ee e-con-full e-flex e-con e-child\" data-id=\"016d4ee\" data-element_type=\"container\">\n\t\t\t\t<div class=\"elementor-element elementor-element-13a9d86 elementor-widget elementor-widget-image\" data-id=\"13a9d86\" data-element_type=\"widget\" data-widget_type=\"image.default\">\n\t\t\t\t<div class=\"elementor-widget-container\">\n\t\t\t\t\t\t\t\t\t\t\t\t\t<img fetchpriority=\"high\" decoding=\"async\" width=\"1024\" height=\"683\" src=\"https:\/\/zazatour.com\/wp-content\/uploads\/2024\/11\/kapadokya-balon-1024x683.jpg\" class=\"attachment-large size-large wp-image-2136\" alt=\"\" \/>\t\t\t\t\t\t\t\t\t\t\t\t\t<\/div>\n\t\t\t\t<\/div>\n\t\t\t\t<div class=\"elementor-element elementor-element-a60e676 elementor-widget elementor-widget-image\" data-id=\"a60e676\" data-element_type=\"widget\" data-widget_type=\"image.default\">\n\t\t\t\t<div class=\"elementor-widget-container\">\n\t\t\t\t\t\t\t\t\t\t\t\t\t<img decoding=\"async\" width=\"900\" height=\"500\" src=\"https:\/\/zazatour.com\/wp-content\/uploads\/2024\/11\/kapadokya-kirmizi-tur-comlek-yapimi.jpg\" class=\"attachment-large size-large wp-image-2137\" alt=\"\" \/>\t\t\t\t\t\t\t\t\t\t\t\t\t<\/div>\n\t\t\t\t<\/div>\n\t\t\t\t<div class=\"elementor-element elementor-element-d18412c elementor-widget elementor-widget-image\" data-id=\"d18412c\" data-element_type=\"widget\" data-widget_type=\"image.default\">\n\t\t\t\t<div class=\"elementor-widget-container\">\n\t\t\t\t\t\t\t\t\t\t\t\t\t<img decoding=\"async\" width=\"1024\" height=\"684\" src=\"https:\/\/zazatour.com\/wp-content\/uploads\/2024\/11\/kapadokyanin-guvercinlik-vadisi-17-1024x684.jpg\" class=\"attachment-large size-large wp-image-2138\" alt=\"\" \/>\t\t\t\t\t\t\t\t\t\t\t\t\t<\/div>\n\t\t\t\t<\/div>\n\t\t\t\t<div class=\"elementor-element elementor-element-b9e9979 elementor-widget elementor-widget-image\" data-id=\"b9e9979\" data-element_type=\"widget\" data-widget_type=\"image.default\">\n\t\t\t\t<div class=\"elementor-widget-container\">\n\t\t\t\t\t\t\t\t\t\t\t\t\t<img loading=\"lazy\" decoding=\"async\" width=\"770\" height=\"450\" src=\"https:\/\/zazatour.com\/wp-content\/uploads\/2024\/11\/kapadokya-turu.jpg\" class=\"attachment-large size-large wp-image-2139\" alt=\"\" \/>\t\t\t\t\t\t\t\t\t\t\t\t\t<\/div>\n\t\t\t\t<\/div>\n\t\t\t\t<\/div>\n\t\t\t\t\t<\/div>\n\t\t\t\t<\/div>\n\t\t<div class=\"elementor-element elementor-element-1ebdc29 e-flex e-con-boxed e-con e-parent\" data-id=\"1ebdc29\" data-element_type=\"container\">\n\t\t\t\t\t<div class=\"e-con-inner\">\n\t\t\t\t<div class=\"elementor-element elementor-element-9d13073 elementor-widget elementor-widget-text-editor\" data-id=\"9d13073\" data-element_type=\"widget\" data-widget_type=\"text-editor.default\">\n\t\t\t\t<div class=\"elementor-widget-container\">\n\t\t\t\t\t\t\t<p><strong>Not:<\/strong> Program, u\u00e7u\u015f saatlerine ve kat\u0131l\u0131mc\u0131 tercihine g\u00f6re de\u011fi\u015fiklik g\u00f6sterebilir. U\u00e7u\u015f kalk\u0131\u015f noktas\u0131 (\u0130zmir veya Bodrum) talep ve m\u00fcsaitlik durumuna g\u00f6re belirlenecektir.<\/p><p><strong>Bu b\u00fcy\u00fcleyici Kapadokya maceras\u0131 i\u00e7in hemen yerinizi ay\u0131rt\u0131n! \ud83d\ude0a<\/strong><\/p>\t\t\t\t\t\t<\/div>\n\t\t\t\t<\/div>\n\t\t\t\t\t<\/div>\n\t\t\t\t<\/div>\n\t\t<div class=\"elementor-element elementor-element-9bf1e11 e-flex e-con-boxed e-con e-parent\" data-id=\"9bf1e11\" data-element_type=\"container\">\n\t\t\t\t\t<div class=\"e-con-inner\">\n\t\t\t\t<div class=\"elementor-element elementor-element-13ef9e0 elementor-widget elementor-widget-image\" data-id=\"13ef9e0\" data-element_type=\"widget\" data-widget_type=\"image.default\">\n\t\t\t\t<div class=\"elementor-widget-container\">\n\t\t\t\t\t\t\t\t\t\t\t\t\t<img loading=\"lazy\" decoding=\"async\" width=\"849\" height=\"386\" src=\"https:\/\/zazatour.com\/wp-content\/uploads\/2024\/11\/CONTACT-US-1.png\" class=\"attachment-large size-large wp-image-2028\" alt=\"\" \/>\t\t\t\t\t\t\t\t\t\t\t\t\t<\/div>\n\t\t\t\t<\/div>\n\t\t\t\t\t<\/div>\n\t\t\t\t<\/div>\n\t\t\t\t<\/div>\n\t\t","protected":false},"excerpt":{"rendered":"<p>Didim \u00c7\u0131k\u0131\u015fl\u0131 2 Gece 3 G\u00fcn Kapadokya Tur Program\u0131 (u\u00e7akl\u0131) 1. G\u00fcn: Didim \u2013 Kapadokya Belirtilen saatte Didim\u2019den \u0130zmir Adnan Menderes Havaliman\u0131&#8217;na veya Bodrum Milas Havaliman\u0131&#8217;na transfer.(U\u00e7a\u011f\u0131n kalk\u0131\u015f noktas\u0131 \u0130zmir veya Bodrum olabilir; kesinle\u015fen programda detaylar payla\u015f\u0131lacakt\u0131r.) Kapadokya\u2019ya u\u00e7u\u015f. Havaliman\u0131nda kar\u015f\u0131lama ve otelimize transfer. Otelde odalara yerle\u015fme ve serbest zaman. 2. G\u00fcn: Kuzey Kapadokya Turu [&hellip;]<\/p>\n","protected":false},"author":1,"featured_media":0,"parent":0,"menu_order":0,"comment_status":"closed","ping_status":"closed","template":"","meta":{"_uag_custom_page_level_css":"","site-sidebar-layout":"no-sidebar","site-content-layout":"page-builder","ast-site-content-layout":"full-width-container","site-content-style":"default","site-sidebar-style":"default","ast-global-header-display":"","ast-banner-title-visibility":"","ast-main-header-display":"","ast-hfb-above-header-display":"","ast-hfb-below-header-display":"","ast-hfb-mobile-header-display":"","site-post-title":"disabled","ast-breadcrumbs-content":"","ast-featured-img":"disabled","footer-sml-layout":"","theme-transparent-header-meta":"","adv-header-id-meta":"","stick-header-meta":"","header-above-stick-meta":"","header-main-stick-meta":"","header-below-stick-meta":"","astra-migrate-meta-layouts":"set","ast-page-background-enabled":"default","ast-page-background-meta":{"desktop":{"background-color":"var(--ast-global-color-4)","background-image":"","background-repeat":"repeat","background-position":"center center","background-size":"auto","background-attachment":"scroll","background-type":"","background-media":"","overlay-type":"","overlay-color":"","overlay-opacity":"","overlay-gradient":""},"tablet":{"background-color":"","background-image":"","background-repeat":"repeat","background-position":"center center","background-size":"auto","background-attachment":"scroll","background-type":"","background-media":"","overlay-type":"","overlay-color":"","overlay-opacity":"","overlay-gradient":""},"mobile":{"background-color":"","background-image":"","background-repeat":"repeat","background-position":"center center","background-size":"auto","background-attachment":"scroll","background-type":"","background-media":"","overlay-type":"","overlay-color":"","overlay-opacity":"","overlay-gradient":""}},"ast-content-background-meta":{"desktop":{"background-color":"var(--ast-global-color-5)","background-image":"","background-repeat":"repeat","background-position":"center center","background-size":"auto","background-attachment":"scroll","background-type":"","background-media":"","overlay-type":"","overlay-color":"","overlay-opacity":"","overlay-gradient":""},"tablet":{"background-color":"var(--ast-global-color-5)","background-image":"","background-repeat":"repeat","background-position":"center center","background-size":"auto","background-attachment":"scroll","background-type":"","background-media":"","overlay-type":"","overlay-color":"","overlay-opacity":"","overlay-gradient":""},"mobile":{"background-color":"var(--ast-global-color-5)","background-image":"","background-repeat":"repeat","background-position":"center center","background-size":"auto","background-attachment":"scroll","background-type":"","background-media":"","overlay-type":"","overlay-color":"","overlay-opacity":"","overlay-gradient":""}},"footnotes":""},"class_list":["post-1558","page","type-page","status-publish","hentry"],"aioseo_notices":[],"uagb_featured_image_src":{"full":false,"thumbnail":false,"medium":false,"medium_large":false,"large":false,"1536x1536":false,"2048x2048":false},"uagb_author_info":{"display_name":"alicemozkaya@gmail.com","author_link":"https:\/\/zazatour.com\/?author=1"},"uagb_comment_info":0,"uagb_excerpt":"Didim \u00c7\u0131k\u0131\u015fl\u0131 2 Gece 3 G\u00fcn Kapadokya Tur Program\u0131 (u\u00e7akl\u0131) 1. G\u00fcn: Didim \u2013 Kapadokya Belirtilen saatte Didim\u2019den \u0130zmir Adnan Menderes Havaliman\u0131&#8217;na veya Bodrum Milas Havaliman\u0131&#8217;na transfer.(U\u00e7a\u011f\u0131n kalk\u0131\u015f noktas\u0131 \u0130zmir veya Bodrum olabilir; kesinle\u015fen programda detaylar payla\u015f\u0131lacakt\u0131r.) Kapadokya\u2019ya u\u00e7u\u015f. Havaliman\u0131nda kar\u015f\u0131lama ve otelimize transfer. Otelde odalara yerle\u015fme ve serbest zaman. 2. G\u00fcn: Kuzey Kapadokya Turu&hellip;","rttpg_featured_image_url":null,"rttpg_author":{"display_name":"alicemozkaya@gmail.com","author_link":"https:\/\/zazatour.com\/?author=1"},"rttpg_comment":0,"rttpg_category":" <a href=\"https:\/\/zazatour.com\/\" rel=\"tag\">T\u00fcrk\u00e7e<\/a>","rttpg_excerpt":"Didim \u00c7\u0131k\u0131\u015fl\u0131 2 Gece 3 G\u00fcn Kapadokya Tur Program\u0131 (u\u00e7akl\u0131) 1. G\u00fcn: Didim \u2013 Kapadokya Belirtilen saatte Didim\u2019den \u0130zmir Adnan Menderes Havaliman\u0131&#8217;na veya Bodrum Milas Havaliman\u0131&#8217;na transfer.(U\u00e7a\u011f\u0131n kalk\u0131\u015f noktas\u0131 \u0130zmir veya Bodrum olabilir; kesinle\u015fen programda detaylar payla\u015f\u0131lacakt\u0131r.) Kapadokya\u2019ya u\u00e7u\u015f. Havaliman\u0131nda kar\u015f\u0131lama ve otelimize transfer. Otelde odalara yerle\u015fme ve serbest zaman. 2. G\u00fcn: Kuzey Kapadokya Turu&hellip;","_links":{"self":[{"href":"https:\/\/zazatour.com\/index.php?rest_route=\/wp\/v2\/pages\/1558"}],"collection":[{"href":"https:\/\/zazatour.com\/index.php?rest_route=\/wp\/v2\/pages"}],"about":[{"href":"https:\/\/zazatour.com\/index.php?rest_route=\/wp\/v2\/types\/page"}],"author":[{"embeddable":true,"href":"https:\/\/zazatour.com\/index.php?rest_route=\/wp\/v2\/users\/1"}],"replies":[{"embeddable":true,"href":"https:\/\/zazatour.com\/index.php?rest_route=%2Fwp%2Fv2%2Fcomments&post=1558"}],"version-history":[{"count":5,"href":"https:\/\/zazatour.com\/index.php?rest_route=\/wp\/v2\/pages\/1558\/revisions"}],"predecessor-version":[{"id":2142,"href":"https:\/\/zazatour.com\/index.php?rest_route=\/wp\/v2\/pages\/1558\/revisions\/2142"}],"wp:attachment":[{"href":"https:\/\/zazatour.com\/index.php?rest_route=%2Fwp%2Fv2%2Fmedia&parent=1558"}],"curies":[{"name":"wp","href":"https:\/\/api.w.org\/{rel}","templated":true}]}}